. What are the prime factors of w(b)?
2, 7
Let w = 404 + -401. Suppose 2 = -i, -w*m + 2124 = 5*i + 169. What are the prime factors of m?
5, 131
Let u = 25 + -28. Let p be (0 - 1 - -1)/(-1 - u). Suppose -35*i + 30*i + 990 = p. What are the prime factors of i?
2, 3, 11
What are the prime factors of 14817 - (6/10 - (-210)/25)?
2, 3, 617
Suppose -3*q + 4*a + 14414 = 0, -5*q - 2*q = 3*a - 33719. List the prime factors of q.
2, 29, 83
Let b be 190/(-3 - 230/(-76)). Suppose 0 = 10*v - 0*v - b. What are the prime factors of v?
2, 19
Let q be 2013 - (0 - (-14)/(-7)). What are the prime factors of 9/36 + q/20?
101
List the prime factors of 2*(-213895)/(-22) - 6.
7, 2777
Let x be (8 - 2)/(12/18). Let g = x + 23. Suppose 4*z - 5*z = -g. List the prime factors of z.
2
Suppose 317*p = 8085328 + 676235. What are the prime factors of p?
3, 37, 83
Let y(h) = -7*h - 42. Let m be y(-7). What are the prime factors of (-104 - -22)/(1 + (-9)/m)?
7, 41
Let g = -115 - -120. Suppose 0 = 3*t + g*r - 851, -5*t + 85 = 4*r - 1342. List the prime factors of t.
7, 41
List the prime factors of (1100/(-660))/((-3)/5067).
5, 563
Let f be 2 + -1 - 282/(-4 + -2). Let r be (-22)/(-12) + 8/f. Suppose -5*h - 84 = -4*c - r*h, 5*c - 94 = h. List the prime factors of c.
2, 3
Suppose 12*s + 4*s - 3792 = 0. List the prime factors of s*((7 - 1) + -5).
3, 79
Let q = -2013 + 951. List the prime factors of (14/(-1))/(q/150 - -7).
5, 7
Let g = -34 - -34. Suppose -i + 4 = -g*i. Suppose i*p = 322 - 82. What are the prime factors of p?
2, 3, 5
Let r(h) = 10*h**2 + 5*h - 41. Let s be r(-9). Let a = s - 387. What are the prime factors of a?
337
Suppose 56 = v - 4*y, 2*v + 5*y = 22 + 64. Suppose x + 4 = 2*l - 5, 4*l - 6 = -2*x. Suppose l*a - 7*a + v = 0. What are the prime factors of a?
2, 3
Let k be (13/(-3) - (-12)/(-18)) + -169. Let n = 374 + k. List the prime factors of n.
2, 5
Suppose 5*v - 49*o = -54*o + 306310, -v - 5*o = -61246. What are the prime factors of v?
2, 3, 10211
What are the prime factors of ((-54436)/(-186))/((-1)/(-45))?
2, 3, 5, 439
Suppose -68*s + 145758 = -34*s. List the prime factors of s.
3, 1429
List the prime factors of (-48)/(-480) + (-260127)/(-30).
13, 23, 29
Let x(u) = 12*u**3 + 9*u**2 - 17*u - 69. What are the prime factors of x(7)?
17, 257
Suppose 37*s = 9252 + 26749. What are the prime factors of s?
7, 139
Let v(j) = -2*j**3 + 7*j - 8. Let h be v(8). Let c = h + 2007. Suppose 4*d - 329 - c = -5*s, -5*d + 251 = s. What are the prime factors of s?
2, 3, 23
Let j(y) = 2*y**3 - 2*y**2 - 3*y + 3. Let s be j(3). Let l = 55 - s. Let i = l - -77. List the prime factors of i.
2, 3, 17
Let h(a) = -a**2 + a - 21. Let i be h(0). Let j = i - -23. Suppose -4*l + 3*k + 20 = j*k, 4*k = 4*l - 20. What are the prime factors of l?
5
List the prime factors of 10 + (-8 - 16) - -9434.
2, 3, 5, 157
Let x(a) = -2*a**3 - 3*a**2 + 13*a - 18. Let i be x(5). Let l = 486 + i. List the prime factors of l.
2, 13
Suppose -2510 = -73*c + 68*c. Let b = c + -202. List the prime factors of b.
2, 3, 5
Let s be 8 + 1*(0 - 3). Suppose s*y + 15 = 25. Suppose -y = 2*m - 6, 3*m = -3*i + 234. What are the prime factors of i?
2, 19
Let v(t) = -45*t**3 + 19*t**2 + 16*t - 34. What are the prime factors of v(-7)?
2, 5, 811
Let b be ((-7)/(-2))/((7/(-4))/7). What are the prime factors of (-11840)/(-68) + b/119?
2, 3, 29
Suppose 2*p - 5*p = -2*j + 2125, -1390 = 2*p + 4*j. Let x = p - -1559. List the prime factors of x.
2, 7, 61
Let z(m) = 6*m**2 - 28*m + 209. What are the prime factors of z(20)?
3, 683
Let d(v) = -4026*v - 335. What are the prime factors of d(-2)?
7717
Let g = 27121 + -14593. List the prime factors of g.
2, 3, 29
Let c = -5482 - -14353. List the prime factors of c.
3, 2957
Suppose -2*v + 32 = -106. Let a = -71 + v. What are the prime factors of -507*-1*((-5)/3 - a)?
13
Suppose 3*x + 3*q - 30303 = 0, -5*x + 33*q - 36*q + 50509 = 0. List the prime factors of x.
10103
Suppose -54*r = -62*r + 144. Suppose -6732 = t - r*t. List the prime factors of t.
2, 3, 11
Suppose -46*i + 677 = -47*i. Let m = i - -1322. List the prime factors of m.
3, 5, 43
Let w be (-1524 - -22)/(-1 - -3). Let c = -174 - w. List the prime factors of c.
577
Suppose -12*c + 40 = -17*c. Let i(l) = 3*l**2 - 20*l + 26. Let j(b) = b**2 - 7*b + 9. Let a(r) = c*j(r) + 3*i(r). List the prime factors of a(13).
3, 41
Let p(j) = j**2 - 135*j + 2514. What are the prime factors of p(-60)?
2, 3, 23, 103
Let w = 28810 - 16553. List the prime factors of w.
7, 17, 103
Let v(a) = 271*a - 988. List the prime factors of v(8).
2, 5, 59
Let h be (2 - (-2 - -1)) + 149 + -10. Suppose 7*l - 1573 = h. What are the prime factors of l?
5, 7
What are the prime factors of (-1)/(99126/247890 + 2/(-5))?
8263
Suppose 1638 = 4*b - 8270. Suppose -7*p - b = -9043. What are the prime factors of p?
2, 7, 67
Let n(r) = r**3 + 17*r**2 - r - 15. Let g be (272/32)/((-1)/2 - 0). Let h be n(g). Suppose -12*k + 1730 = -h*k. List the prime factors of k.
173
Suppose 2*m = -311*t + 316*t + 35377, -3*m + 2*t = -53115. What are the prime factors of m?
89, 199
Suppose -3*f = -v + 32633, -4*f - 59710 - 103411 = -5*v. List the prime factors of v.
32621
Let y(h) = 5*h + h + 26 + 4*h**2 - 3*h**3 - 5*h**2 - 4*h. What are the prime factors of y(-4)?
2, 97
Let n be -1252 + -7 + (-5 - 1). Let m = n - -1854. What are the prime factors of m?
19, 31
Let w = 12852 + 8356. What are the prime factors of w?
2, 11, 241
Suppose -2*r - 13*s + 163225 = 0, -5*r + 4*s + 224787 = -182947. What are the prime factors of r?
2, 11, 337
Let s(k) = 3*k**3 - 43*k**2 - 26*k - 29. Let m be s(15). Suppose -20647 - 9981 = -m*l. What are the prime factors of l?
2, 13, 19
Let n = 65176 + -45852. List the prime factors of n.
2, 4831
Suppose 5*n - q = 294109, n + 137*q = 132*q + 58827. List the prime factors of n.
2, 29411
Suppose -53 = 3*h - 68. Suppose 2*s = -5*n + 606 + 233, -809 = -2*s + h*n. List the prime factors of s.
2, 103
Suppose 0 = 11*r + 17 - 17. Suppose r = 4*w + 20 - 12. List the prime factors of -2*2 + -4 + 244 + w.
2, 3, 13
Suppose 2*k - 33676 = 3*m, k + 49*m - 50*m - 16840 = 0. What are the prime factors of k?
2, 4211
Suppose -416 = 11*c - 24*c. List the prime factors of 1815/12 - (-24)/c.
2, 19
Let v = 222 + -1255. Let m = -624 - v. List the prime factors of m.
409
Let q(u) = -u**3 + 21*u**2 + 21*u + 14. Let o be q(22). Let r(p) = p**2 + 6*p - 6. Let v be r(o). List the prime factors of (-9)/((-90)/(-4)) + 914/v.
7, 13
Suppose 0 = -2040*x + 2017*x + 655132. What are the prime factors of x?
2, 7121
Let b(w) be the second derivative of -3*w**3/2 - 11*w**2/2 - 16*w. Let c be b(-3). Suppose -8*i = -c*i + 648. What are the prime factors of i?
3
Suppose -5*r - 18 = -4*j, -5*r - 2 = -2*j + 12. Suppose -s + 6*y - j*y + 87 = 0, -3*s - 2*y + 219 = 0. Let d = 195 + s. What are the prime factors of d?
2, 3, 5
Suppose -16*p - 144112 = -4*h - 19*p, 0 = 2*h - 11*p - 72056. What are the prime factors of h?
2, 9007
Suppose -16 + 1 = 3*l, -l - 2 = y. List the prime factors of 12/3 + (485 - y).
2, 3
Let h be 1/2*2 - 31. Let o be -2 - h/18 - (-1)/3. List the prime factors of 95*1/1 - o.
5, 19
What are the prime factors of (9 - 5725064/(-216)) + ((-56)/108)/(-7)?
2, 3, 491
Let n(g) = -8406*g - 4283. What are the prime factors of n(-8)?
5, 7, 257
Let o be (-16)/32*134*(-2 - 1). Suppose 2*w - o = -5*h, -h + 38 = -w + 156. Let k = w + -21. List the prime factors of k.
2, 23
Let a(y) = y**3 - 4*y**2 - 2*y - 2. Let t be a(0). List the prime factors of ((-3)/(-12)*t)/(11/(-8250)).
3, 5
Suppose 0 = -5*m + 5*x + 20, -5*m + 9 + 1 = 5*x. Suppose 0 = 2*i - 5 - m. Suppose -k = -2*k + 4*d + 92, -2*k + i*d + 168 = 0. What are the prime factors of k?
2, 19
What are the prime factors of 75/(-15) + -257*(-22)/1?
3, 7, 269
Let q be (-377)/2*(-17 + 15). Suppose 2*g = q - 71. What are the prime factors of g?
3, 17
Let p(t) = -2*t + 18. Suppose 75 = 5*v - 10*v. Let l be p(v). Suppose 8*o = 7*o + l. What are the prime factors of o?
2, 3
Let u be 9/(126/(-35))*-2. Suppose 0 = s + u*z - 4*z - 742, s + 3*z = 746. List the prime factors of s.
2, 5, 37
Let l be (-20)/6*(36/(-30) - 0). List the prime factors of (l/(-2))/(-10) - (-12952)/40.
2, 3
What are the prime factors of 291/(-485) - 1/(5/(-91083))?
2, 3, 11, 23
Suppose 5*d + h - 48820